 2210 (base 5) to base 11.
258
17 (base 11) to base 6
30
What is -50 (base 15) in base 9?
-83
Convert -4 (base 12) to base 3.
-11
Convert -10011000 (base 2) to base 16.
-98
241 (base 5) to base 14
51
Convert -25 (base 12) to base 2.
-11101
5 (base 15) to base 4
11
What is -3 (base 10) in base 4?
-3
1000 (base 2) to base 4
20
Convert 16 (base 13) to base 12.
17
Convert 2 (base 8) to base 5.
2
-2 (base 7) to base 4
-2
3 (base 6) to base 3
10
What is 3 (base 6) in base 10?
3
1222 (base 3) to base 15
38
What is -103 (base 6) in base 7?
-54
What is -6 (base 14) in base 6?
-10
3 (base 7) to base 12
3
Convert -1104 (base 6) to base 12.
-194
Convert 124 (base 15) to base 3.
100121
Convert 423 (base 7) to base 14.
113
-23 (base 6) to base 13
-12
What is -17 (base 8) in base 11?
-14
-3 (base 15) to base 3
-10
What is 170 (base 8) in base 10?
120
-50 (base 7) to base 14
-27
What is 14 (base 6) in base 14?
a
0 (base 8) to base 15
0
Convert -1 (base 12) to base 15.
-1
8 (base 13) to base 12
8
Convert -36 (base 14) to base 5.
-143
What is 19 (base 11) in base 2?
10100
What is 6 (base 12) in base 8?
6
Convert -100 (base 2) to base 14.
-4
-5 (base 15) to base 12
-5
-34 (base 11) to base 15
-27
57 (base 14) to base 16
4d
Convert 20 (base 13) to base 11.
24
What is 11002 (base 3) in base 6?
302
Convert e (base 16) to base 9.
15
-2 (base 9) to base 7
-2
What is -13 (base 10) in base 5?
-23
107 (base 10) to base 16
6b
What is 1 (base 5) in base 14?
1
What is 3 (base 13) in base 15?
3
Convert -11100100 (base 2) to base 6.
-1020
140 (base 5) to base 6
113
1 (base 9) to base 14
1
What is -65 (base 14) in base 5?
-324
What is -120 (base 6) in base 14?
-36
What is 6 (base 7) in base 4?
12
93 (base 12) to base 16
6f
Convert -21100 (base 3) to base 7.
-402
What is 12 (base 10) in base 5?
22
What is 1110100 (base 2) in base 13?
8c
What is 0 (base 9) in base 2?
0
-102 (base 4) to base 15
-13
What is 14 (base 7) in base 5?
21
Convert 546 (base 7) to base 2.
100010111
Convert -245 (base 11) to base 5.
-2131
Convert 1 (base 11) to base 9.
1
Convert 202 (base 4) to base 2.
100010
Convert -142 (base 16) to base 7.
-640
What is 6 (base 16) in base 6?
10
What is 6 (base 16) in base 4?
12
Convert -1a (base 13) to base 7.
-32
What is 11101 (base 3) in base 15?
7d
-25 (base 14) to base 16
-21
Convert -a (base 14) to base 8.
-12
What is 4 (base 5) in base 3?
11
12 (base 7) to base 10
9
What is -6 (base 12) in base 2?
-110
Convert -10001 (base 3) to base 10.
-82
What is -10 (base 4) in base 5?
-4
Convert 2 (base 11) to base 7.
2
12 (base 3) to base 4
11
What is 44 (base 6) in base 13?
22
Convert 223 (base 4) to base 15.
2d
What is 14 (base 6) in base 13?
a
15 (base 7) to base 6
20
1 (base 7) to base 6
1
What is 1110 (base 2) in base 9?
15
3 (base 6) to base 3
10
2 (base 5) to base 2
10
What is 120 (base 9) in base 15?
69
0 (base 10) to base 14
0
12 (base 3) to base 14
5
What is 1 (base 11) in base 2?
1
3 (base 10) to base 3
10
What is 224 (base 12) in base 16?
13c
What is 2020 (base 3) in base 16?
3c
Convert 73 (base 16) to base 5.
430
What is -c (base 14) in base 2?
-1100
What is -1 (base 11) in base 3?
-1
-16 (base 8) to base 15
-e
Convert -4 (base 13) to base 3.
-11
Convert 176 (base 8) to base 5.
1001
Convert -2 (base 11) to base 14.
-2
Convert -85 (base 9) to base 7.
-140
What is -11 (base 2) in base 10?
-3
Convert -30 (base 10) to base 6.
-50
What is 2a (base 15) in base 12?
34
What is -11010 (base 2) in base 10?
-26
Convert -73 (base 11) to base 14.
-5a
Convert -2 (base 8) to base 6.
-2
Convert 1 (base 3) to base 15.
1
170 (base 9) to base 2
10010000
Convert 18 (base 16) to base 9.
26
What is 4 (base 11) in base 14?
4
-43 (base 6) to base 4
-123
-366 (base 7) to base 10
-195
13 (base 12) to base 5
30
What is -1 (base 8) in base 12?
-1
1100 (base 2) to base 7
15
-63 (base 8) to base 11
-47
3 (base 14) to base 7
3
What is 12 (base 5) in base 3?
21
Convert -156 (base 7) to base 4.
-1122
3 (base 9) to base 4
3
Convert 8a (base 13) to base 6.
310
62 (base 13) to base 7
143
Convert 12c (base 13) to base 11.
179
Convert -3 (base 4) to base 8.
-3
What is 3 (base 10) in base 4?
3
Convert 4 (base 8) to base 14.
4
Convert -112 (base 3) to base 6.
-22
Convert -305 (base 8) to base 15.
-d2
Convert 17 (base 8) to base 7.
21
Convert -4 (base 10) to base 8.
-4
Convert 10 (base 2) to base 8.
2
What is -94 (base 16) in base 6?
-404
Convert 24 (base 9) to base 3.
211
-1 (base 8) to base 12
-1
Convert -253 (base 10) to base 11.
-210
What is -3 (base 8) in base 6?
-3
What is -1 (base 3) in base 15?
-1
Convert 244 (base 5) to base 16.
4a
112 (base 4) to base 6
34
-32 (base 9) to base 14
-21
Convert -1101 (base 3) to base 14.
-29
What is 4 (base 8) in base 6?
4
Convert -67 (base 11) to base 4.
-1021
Convert 0 (base 6) to base 2.
0
What is 11 (base 7) in base 10?
8
Convert -10 (base 4) to base 14.
-4
67 (base 12) to base 3
2221
What is 248 (base 10) in base 7?
503
What is -5 (base 16) in base 10?
-5
Convert b1 (base 15) to base 9.
204
Convert -7b (base 14) to base 11.
-9a
Convert 5 (base 16) to base 3.
12
10 (base 2) to base 4
2
-32 (base 7) to base 11
-21
What is -4 (base 7) in base 4?
-10
Convert -24 (base 9) to base 10.
-22
-225 (base 8) to base 16
-95
Convert -5 (base 10) to base 2.
-101
33 (base 6) to base 2
10101
What is -2 (base 6) in base 14?
-2
9 (base 16) to base 14
9
10 (base 2) to base 15
2
-31 (base 11) to base 9
-37
What is -9 (base 16) in base 15?
-9
Convert 32 (base 4) to base 9.
15
What is 8 (base 14) in base 6?
12
-360 (base 8) to base 13
-156
35 (base 7) to base 8
32
4 (base 5) to base 12
4
Convert -3 (base 8) to base 5.
-3
35 (base 14) to base 4
233
Convert -4 (base 6) to base 15.
-4
Convert 118 (base 10) to base 15.
7d
20 (base 14) to base 13
22
What is -4 (base 8) in base 3?
-11
-1 (base 6) to base 4
-1
What is -322 (base 5) in base 16?
-57
What is 11 (base 6) in base 4?
13
Convert -1300 (base 6) to base 15.
-169
Convert -1 (base 5) to base 15.
-1
What is -101110111 (base 2) in base 5?
-3000
-24c (base 13) to base 3
-112220
What is -120 (base 3) in base 2?
-1111
Convert -111 (base 3) to base 8.
-15
What is -10011 (base 2) in base 9?
-21
Convert 10 (base 2) to base 8.
2
What is -76 (base 11) in base 2?
-1010011
What is 106 (base 7) in base 6?
131
Convert -4 (base 14) to base 16.
-4
3d (base 14) to base 8
67
-1 (base 8) to base 6
-1
Convert 1b (base 16) to base 8.
33
What is -3a (base 12) in base 7?
-64
2 (base 12) to base 8
2
Convert 4 (base 9) to base 10.
4
97 (base 12) to base 3
11021
Convert -120 (base 3) to base 9.
-16
What is 13 (base 9) in base 14?
c
0 (base 10) to base 16
0
Convert 47 (base 15) to base 2.
1000011
What is 10 (base 4) in base 2?
100
Convert 11211 (base 3) to base 10.
130
-2 (base 5) to base 6
-2
What is 2 (base 13) in base 9?
2
Convert 13 (base 9) to base 11.
11
What is -2 (base 11) in base 2?
-10
Convert -3b (base 16) to base 5.
-214
What is -14 (base 13) in base 11?
-16
What is -114 (base 7) in base 13?
-48
Convert -2 (base 5) to base 10.
-2
100 (base 3) to base 16
9
Convert 4 (base 14) to base 5.
4
Convert 13 (base 5) to base 15.
8
What is 0 (base 12) in base 6?
0
Convert -b (base 15) to base 9.
-12
Convert -176 (base 8) to base 7.
-240
Convert 33 (base 15) to base 12.
40
0 (base 14) to base 5
0
What is -4 (base 14) in base 12?
-4
Convert -5 (base 14) to base 4.
-11
What is 2 (base 7) in base 12?
2
-c (base 14) to base 16
-c
What is -54 (base 6) in base 16?
-22
What is -8 (base 14) in base 6?
-12
59 (base 12) to base 14
4d
-54 (base 7) to base 4
-213
31 (base 10) to base 11
29
20 (base 14) to base 10
28
Convert -10 (base 3) to base 14.
-3
What is 114 (base 8) in base 14?
56
What is -20 (base 5) in base 12?
-a
Convert 1d (base 16) to base 8.
35
What is -242 (base 8) in base 6?
-430
2 (base 10) to base 2
10
Convert -22 (base 5) to base 4.
-30
-40 (base 6) to base 15
-19
3 (base 11) to base 16
3
-3 (base 4) to base 15
-3
What is 32 (base 7) in base 5?
43
What is 222 (base 5) in base 15?
42
-201 (base 7) to base 9
-120
Convert -2 (base 11) to base 8.
-2
Convert 23 (base 4) to base 13.
b
What is 10101 (base 2) in base 15?
16
What is -13 (base 10) in base 9?
-14
Convert 3 (base 10) to base 15.
3
17 (base 9) to base 13
13
Convert 40 (base 5) to base 11.
19
